*j - y = -3*y - 1, -2*y = -8. Suppose 1 + j = x. Let g(i) = -17*i**2 + x*i**2 + 11*i**2. Determine g(-1).
-2
Let u(z) = -2*z**2 + 9*z - 3. Let t be u(4). Let m(i) = -i**2 - 2*i**2 + 3 - 6*i**3 - t + i + 7*i**3. What is m(2)?
0
Let x(f) = 6*f**3 + 9*f**2 - 15*f + 30. Let i(t) = -3*t**3 - 4*t**2 + 7*t - 14. Let w(q) = 13*i(q) + 6*x(q). What is w(2)?
-16
Let x(q) = 2*q + 2. Let l = 16 - 11. Let t be (4 - l - 0)*1 - -3. Calculate x(t).
6
Let c(p) = p**2 - 15*p + 36. Suppose i - 8 = u, 3*i + 5*u - 4*u = 40. Calculate c(i).
0
Let l(y) be the first derivative of 3/2*y**2 - 13 + 7*y. Determine l(-6).
-11
Let n(s) = -s**2 + 8*s + 1. Let v(c) = -c**3 + c + 2. Let u be v(-2). Let x be n(u). Let g(j) = -9*j**3 + 2*j**2 - 1. Determine g(x).
-8
Let d(n) = -21*n**2 + 26*n + 16. Let s(b) = 4*b**2 - 5*b - 3. Let i(l) = -2*d(l) - 11*s(l). Let u be 88/(-40) + ((-27)/15 - -2). Determine i(u).
-13
Let b(v) = 7*v**2 - 1. Let r be -1*(-1 + 1 - -30). Let p = 20 + r. Let x(g) = g + 11. Let q be x(p). What is b(q)?
6
Let q(o) = -o - 1. Let z(d) = -d - 4. Let v = -67 + 66. Let f(n) = v*z(n) + 5*q(n). Calculate f(4).
-17
Let q(w) be the second derivative of w**5/20 + w**4/2 + 2*w**3/3 + 3*w**2 + 4*w. Suppose -2*v + 1 = 3. Let a be 28/(-6) + (24/(-18) - v). What is q(a)?
11
Let q(b) be the first derivative of -b**3/3 + 2*b**2 + 3*b - 3. Let d = 1013 - 1009. Give q(d).
3
Suppose -18 = -l - 2*v, 5*l + 5*v - 70 = -0*l. Let o(t) = -t**3 + 9*t**2 + 11*t - 9. Let y be o(l). Let r(b) = -b + 1. Determine r(y).
0
Let u(n) = -2*n - 15. Let v be 24/(2 + 1)*15/(-12). Determine u(v).
5
Let q(y) be the second derivative of -7*y + 0 - 3/2*y**2 - 5/12*y**4 + 1/20*y**5 - 7/6*y**3. Determine q(6).
-9
Suppose 0 = -3*n + h + 11, -n - 5*h = -6*n + 35. Let w(d) = 69*d**2 - 3 + 5*d - 141*d**2 + 71*d**n. Calculate w(5).
-3
Let p(v) be the third derivative of -48*v**2 + 1/24*v**4 - 1/6*v**3 - 1/120*v**6 - 1/60*v**5 + 0*v + 0. What is p(2)?
-11
Let a(q) = -q - 2. Suppose 0 = -9*k - 27. Calculate a(k).
1
Let t(j) be the second derivative of j**5/2 - j**4/12 - j**3/3 - j**2/2 + j. Let q(w) = -w**2 - 2*w - 2. Let a be q(-1). Calculate t(a).
-10
Let f(d) = -3*d**2 - 2 + 7*d + 8*d**3 - 9*d**3 + 4*d**3 - 4*d. Let b be (-2)/((-4 - -5)*-1). What is f(b)?
16
Let h(y) = -29*y - 310. Let w be h(-11). Let i(l) = -l**3 + 9*l**2 + 4*l - 17. Give i(w).
19
Suppose -3*n - 4 = 2*l - 4*l, 5*n + l = 15. Let j(u) = 1 - 4*u**2 + 0*u**2 - 16 + 3*u**n. Calculate j(0).
-15
Let a = 196 + -189. Let z(p) be the second derivative of -a*p + 1/2*p**2 + 11/6*p**3 + 0. Calculate z(-1).
-10
Let y(v) = -v - v + 21 - 17. Suppose 5*b - 2 = -17. Determine y(b).
10
Let g(a) be the third derivative of a**4/24 + 11*a**3/6 - a**2 - 10*a. What is g(-8)?
3
Let b(j) = j**2 + 6*j + 1. Let o be (0/(-2))/1 + 12/(-3). Determine b(o).
-7
Let s(h) = 3*h - 4. Let r = 336 - 336. What is s(r)?
-4
Let c be (1*14)/(1/2). Let t = -33 + c. Let l(v) = v - 4. Calculate l(t).
-9
Suppose x = -3 - 1. Let s(i) = 22 - 61 + 4*i + 21 + 17. Calculate s(x).
-17
Let u = 7 + -5. Let g(w) = w - 486*w**3 + 2*w**2 - 2*w - 2*w + 3 + 487*w**3. What is g(u)?
13
Let s(r) be the second derivative of -6*r - 1/6*r**4 + 0 - 2*r**2 - 5/6*r**3. Suppose -2*b = -3*n + 6, -5*b + 6 - 21 = -n. What is s(b)?
-7
Let c(d) be the second derivative of 29*d**2 - d**3 - 50*d**2 + 18*d + 21*d**2. What is c(-1)?
6
Let i(r) = -6 + 26*r**3 - 15*r**3 - 12*r**3 - 2*r**2 - 3*r**2 - 2*r. Calculate i(-4).
-14
Let r(j) = 5*j + 6 - j**3 + 10*j**2 + j**2 - 5*j**2. What is r(7)?
-8
Suppose -7*h + 2*h = -5*f - 110, -5*h - 2*f = -117. Let g be (-7)/(-3) + (-1)/3. Let y(k) = 11*k**2 + 17*k**g - h*k**2. Give y(1).
5
Let k = 2738/3 + -7301/8. Let u(d) be the third derivative of 0 + 2*d**3 - 3*d**2 + k*d**4 + 0*d. Calculate u(-5).
7
Let h = -26 - -41. Let n(k) = -11*k + 27*k + 9 - h*k. Determine n(-9).
0
Let j(s) = -s**2 + 4*s - 2. Let o(c) = c**2 + 17*c + 35. Suppose -2*v + 5*v - n = -47, 0 = 3*v - 3*n + 51. Let d be o(v). Determine j(d).
-7
Let h(j) = j**2 + 16*j - 77. Let u be h(-20). Let o(y) = y**2 - y + 4. Give o(u).
10
Let v(t) = 2*t + 1. Suppose 3*k = 2*b + 1, -9*b - 24 = -6*b + 3*k. Give v(b).
-9
Let q(v) be the first derivative of -2/3*v**3 + 0*v + 3/2*v**2 - 3 + 1/8*v**4. Let k(p) be the second derivative of q(p). Determine k(3).
5
Suppose -5*m = -25, -5*i + m = -10*i + 5. Let u(a) = -2*a + i*a - 1 + 2 + a**2 - 3. Determine u(3).
1
Let u = -43 + 26. Let a = u + 12. Let f(d) = d - 4. Let r(m) = m - 5. Let p(g) = a*r(g) + 4*f(g). Determine p(7).
2
Let g(c) = c - 8. Suppose 0*u = -2*n - 4*u + 8, 0 = -2*n + 2*u + 8. Let z = 11 - n. Suppose 1 = -x + z. Determine g(x).
-2
Let j = -49 - -65. Let a be 6*(j/6 - 2). Let l(t) = 2*t + 2. What is l(a)?
10
Suppose 4*k - 25 = 3*s, -2*s - 16 - 6 = -4*k. Let d(a) = -a**3 - 7*a**2 + 2*a + 4. Let q(f) = f**2 - f. Let i(y) = -d(y) - 3*q(y). Calculate i(s).
2
Let n be (3*1)/(18/24). Let f(y) = y**2 + 6*y - 1. Let s be f(-6). Let w(j) = j**2 + j. Let c(x) = 6*x - 2. Let o(i) = s*w(i) + c(i). What is o(n)?
2
Let l(c) be the first derivative of c**2/2 - 2*c - 1. Let k be l(-7). Let f be (-2)/4*18/k. Let n(j) = -5*j**2 + 2*j - 1. Calculate n(f).
-4
Let n(t) = 7*t - 2 + 1 - 4*t. Let j(d) = -2*d - 6. Suppose -13 = 2*i - 5. Let b be j(i). Determine n(b).
5
Let r = -75 + 52. Let o = -21 - r. Suppose -3*z = -11 + o. Let k(x) = x**2 - 3*x - 3. Determine k(z).
-3
Suppose 0 = 4*p - 73 - 19. Let k(y) = 14 - p - 3*y + 13 - y**2. Calculate k(-3).
4
Let r(b) = 4*b + 1. Let o be (-2)/10 - (-144)/(-30). Let w(y) = 5*y + 1. Let p(l) = o*w(l) + 6*r(l). Give p(-2).
3
Let n(h) = -h**2 - 1 - h + 2*h**2 - 2*h**2 - 9*h. What is n(-4)?
23
Let h(z) be the third derivative of -z**8/4032 + z**5/30 - 2*z**2. Let x(y) be the third derivative of h(y). Determine x(1).
-5
Let y(w) be the second derivative of -w**4/12 + 4*w**3/3 - w**2 + w + 25. Let b = 2 + 1. Determine y(b).
13
Let d(a) = -3*a - 2. Let l be d(-2). Let t be 14/6*(-4 + 35/5). Let h(y) = 3*y + t - y**2 - 1 + 2 - 6. Determine h(l).
-2
Let v(n) = 26*n**2 - 3*n. Let q(j) = -9*j**2 + j. Let z(b) = 17*q(b) + 6*v(b). Suppose 7 = -5*s - 3. What is z(s)?
14
Let z(g) be the second derivative of 3*g**2 - 1/2*g**4 - 1/2*g**3 + 3*g + 1/20*g**5 + 0. Suppose -72 = -31*l + 114. Give z(l).
-12
Suppose -3*j - 3*s = -78, -21 = -2*j - 5*s + 43. Let i = j - 17. Let b(x) = 0*x**3 + 0*x**2 + x**2 - i*x**3 + x + 0*x**3. Give b(-1).
5
Let i(a) be the second derivative of 1/6*a**3 + 0 - 1/12*a**4 + 1/2*a**2 - 2*a. Give i(2).
-1
Let u(o) be the third derivative of o**4/12 + 11*o**3/6 + 859*o**2. Determine u(-6).
-1
Let s(c) be the second derivative of -c**4/2 - c**3/6 - c**2/2 - 84*c. Determine s(-1).
-6
Let r = 753 + -748. Let h(o) = -4*o + 12. What is h(r)?
-8
Let u be (115/46)/(2/4). Let s(f) be the second derivative of -f**5/20 + 5*f**4/12 - f**3/3 + 5*f**2/2 - f. Determine s(u).
-5
Let f(h) = h**3 - 4*h**2 - 3*h + 2. Let s be f(4). Let v = 4 + s. Let a(c) = 0*c - 4*c**2 - 3 + 5*c**2 + 7*c + 1. Give a(v).
-8
Let z(x) = -13*x**2 - x. Let y(k) = k**2 - 9*k - 21. Suppose -6*j = -2*j - 44. Let m be y(j). Determine z(m).
-14
Let l(d) = 16 + 12 + 2*d + 257*d**2 - 231*d**2 - 2*d**3 + d**3 + 24*d. What is l(27)?
1
Let u(v) = 0*v - 87*v**3 + 5*v - 2*v**2 - v**2 + 86*v**3. Determine u(-4).
-4
Suppose 0 = -2*f + 2*n - 2, 4*n - 34 + 9 = -3*f. Let t(y) be the second derivative of y**5/20 - y**4/4 - 2*y**3/3 + 2*y. Determine t(f).
-12
Let a(n) = -11*n**3 + 28*n**2 - 6*n + 21. Let f(z) = 2*z**3 - 3*z**2 + z - 1. Let x(j) = a(j) + 5*f(j). Give x(13).
3
Let t(i) be the first derivative of -5*i**2 - 23*i + 516. Determine t(-3).
7
Let n(f) = f**3 - 3*f**2 - 8*f + 10. Suppose -8*w = -32 - 0. Give n(w).
-6
Let h(z) = -8*z - z + 14*z**2 - 23*z**2 + 0 + 10*z**2 + 3. Determine h(9).
3
Let y(u) = u**2 - 6*u - 6. Suppose -2*c - 17 = 5*k, 4*c + 8*k - 9*k - 21 = 0. Suppose -2*f = -6*f - 20, -2*o + c*f + 32 = 0. Calculate y(o).
-6
Let u(j) = 2*j**2 + 4*j + 8. Suppose -74*q - 5*t = -71*q - 9, 0 = -2*q + 2*t - 10. Give u(q).
8
Let t be (2 - 42/(-9))*(-12)/(-10). Suppose 0 = -b + 5*o + 29 - 5, 3*b = -o + t. Let w(f) = f. Let g(k) = 5*k + 7. Let m(j) = -g(j) + 6*w(j). What is m(b)?
-3
Suppose 0 = o - 5*o. Let c(l) = -l**2 - 2*l + 2. Let j(b) = 4*b**2 + 7*b - 5. Let y = -87 - -80. Let i(v)